01011
Convert 20241456 (base 7) to base 4.
12130310010
What is -3d9e5 (base 16) in base 8?
-754745
-114313221 (base 5) to base 13
-15c732
What is 4162877 (base 9) in base 10?
2226355
11101100110010110100 (base 2) to base 14
1b3672
-13a8275 (base 12) to base 13
-a85990
What is -31435 (base 13) in base 16?
-15a18
-210001542 (base 6) to base 8
-15704446
Convert 240130421 (base 5) to base 9.
2054316
14155434 (base 7) to base 14
266b8b
Convert -1042200 (base 5) to base 7.
-104501
Convert 11031103 (base 5) to base 16.
17622
What is -2224244301 (base 5) in base 12?
-17907b4
451460 (base 7) to base 3
11001111002
What is -211030103 (base 4) in base 13?
-54455
What is -600560 (base 7) in base 8?
-305411
-72abb (base 12) to base 5
-14301231
What is -748202 (base 14) in base 8?
-17020652
-12242440 (base 5) to base 15
-2519a
-436873 (base 10) to base 12
-1909a1
Convert 1400511 (base 6) to base 15.
18167
Convert -130310032002 (base 4) to base 7.
-121131045
Convert -9406 (base 14) to base 10.
-25486
Convert 102000010111022 (base 3) to base 7.
100465502
What is 9c0ef (base 16) in base 11?
3a7285
22000301210 (base 4) to base 5
1132441422
What is 1010111101000 (base 2) in base 16?
15e8
2865056 (base 9) to base 15
2129c6
Convert -10102212110 (base 3) to base 15.
-150d6
-3060054 (base 7) to base 4
-1121230200
4b0537 (base 12) to base 14
23c1bd
-10000001110 (base 2) to base 11
-864
367039 (base 10) to base 12
1584a7
-23023545 (base 8) to base 5
-2234201241
What is 365402 (base 7) in base 2?
10000010010110100
-23022b8 (base 12) to base 11
-3881666
What is -834305 (base 9) in base 10?
-495239
What is 35375 (base 14) in base 9?
216765
-110001110100100100 (base 2) to base 11
-12a357
Convert 7aa55 (base 12) to base 8.
500141
110111110100010000 (base 2) to base 15
47b19
31274 (base 9) to base 11
14565
-b9006 (base 15) to base 11
-37123a
-62ab79 (base 14) to base 8
-14556547
23004020 (base 5) to base 12
99a17
What is -410123 (base 9) in base 5?
-30232414
1b46b1 (base 12) to base 3
220122001221
What is -1dc0d5 (base 16) in base 12?
-7a0505
110001110110011000 (base 2) to base 12
9a1b4
What is a05071 (base 11) in base 3?
10001011102220
What is 88936 (base 10) in base 7?
520201
-299201 (base 10) to base 13
-a6256
81a726 (base 12) to base 15
2a15e0
What is -161d72 (base 14) in base 3?
-1110022100000
Convert -5ba25 (base 15) to base 7.
-2325605
Convert -241231002 (base 5) to base 3.
-2002210002121
-33300 (base 12) to base 7
-401511
164826 (base 11) to base 4
332103301
43123534 (base 6) to base 3
2101120101111
What is 2555002 (base 6) in base 5?
13433004
What is 1553037 (base 10) in base 12?
62a8b9
Convert 2244130410 (base 5) to base 14.
95cb1b
Convert -21525340 (base 8) to base 2.
-10001101010101011100000
Convert b5c47 (base 16) to base 9.
1354253
Convert -111105534 (base 6) to base 13.
-557386
-2569174 (base 10) to base 12
-a3a95a
-12333473 (base 8) to base 12
-aba137
Convert 2053410 (base 7) to base 13.
89181
What is -237567 (base 14) in base 6?
-41543143
What is -14521525 (base 7) in base 3?
-2121021220211
Convert 3f5e2 (base 16) to base 9.
435033
What is 332143430 (base 5) in base 6?
50535223
102031331 (base 4) to base 5
4341441
5404024 (base 9) to base 4
23003013103
1513551 (base 6) to base 16
1568b
-2101201011 (base 3) to base 5
-3002143
What is -2303302030 (base 4) in base 9?
-1342127
Convert 431125150 (base 6) to base 14.
1023958
-27a4b6 (base 14) to base 15
-1c1be9
What is -1246154 (base 7) in base 16?
-27cc5
What is 1b1a8 (base 15) in base 2?
10101100001000101
Convert -17433c (base 16) to base 10.
-1524540
What is 4422423002 (base 5) in base 8?
44420263
What is 11210131203 (base 4) in base 16?
164763
What is -719b8 (base 14) in base 4?
-1002302232
Convert -2489d0 (base 15) to base 9.
-3257166
203373 (base 9) to base 3
20010102110
-201100101011121 (base 3) to base 13
-218ccb6
-224500500 (base 6) to base 2
-1111110011111010010100
Convert 190b42 (base 13) to base 3.
1012000112210
Convert -356254 (base 7) to base 12.
-31491
Convert -16077201 (base 8) to base 10.
-3702401
Convert -10310300132 (base 4) to base 13.
-353834
-200221112112 (base 3) to base 5
-43413121
What is -1941848 (base 11) in base 9?
-6151864
b2859 (base 12) to base 14
60b89
What is 101000220010010 (base 3) in base 15?
704cb0
Convert 21260c (base 13) to base 7.
6413021
-22541114 (base 7) to base 8
-7424152
200023232 (base 4) to base 10
131822
What is -14003d7 (base 14) in base 12?
-32aa949
Convert -22121030031 (base 4) to base 11.
-15a1059
What is 57ada (base 15) in base 2?
1000100001010100101
8269043 (base 11) to base 5
12214010322
-1345656 (base 8) to base 4
-1130232232
Convert -1110000100010001010 (base 2) to base 5.
-104222223
-27a1a7 (base 11) to base 4
-1222331321
Convert -12161023 (base 7) to base 14.
-20554a
100110001101101 (base 2) to base 10
19565
-261258 (base 10) to base 15
-52623
Convert 36371 (base 13) to base 10.
99464
-101551350 (base 7) to base 12
-20040b3
Convert 3c712 (base 15) to base 5.
22201332
What is 102022012212 (base 3) in base 11?
142196
What is 1a0cc5 (base 14) in base 12?
387025
What is -10011012121001 (base 3) in base 13?
-4694b3
301554 (base 6) to base 11
16939
-11501203 (base 6) to base 12
-157803
Convert -1010011100000111000101 (base 2) to base 4.
-22130013011
What is c87c (base 16) in base 2?
1100100001111100
Convert -a5a786 (base 11) to base 3.
-10012021011122
Convert 3c007 (base 16) to base 3.
110111010111
Convert 493538 (base 10) to base 5.
111243123
10110210121001 (base 3) to base 12
750531
What is -123558 (base 9) in base 14?
-1d3a0
-11010110212222 (base 3) to base 14
-4118d2
What is 1db95 (base 16) in base 6?
2335353
687594 (base 10) to base 2
10100111110111101010
41b9 (base 15) to base 7
55344
Convert 100110202201100 (base 3) to base 11.
2929357
5c690 (base 13) to base 7
1306334
Convert -2823583 (base 11) to base 2.
-10010100011110111011101
-105a367 (base 14) to base 2
-11101100100000001100111
What is 13761a (base 11) in base 14?
5851c
66baa (base 12) to base 8
412462
Convert -5264600 (base 7) to base 8.
-2335753
Convert 11100101101110110 (base 2) to base 5.
12230442
-58aa3 (base 14) to base 7
-1560063
Convert -2117665 (base 8) to base 6.
-20040313
-27646267 (base 9) to base 10
-13671160
What is 310132032 (base 4) in base 14?
5847c
Convert -1807257 (base 9) to base 4.
-3312113332
Convert 262506 (base 12) to base 14.
124330
What is -2110312 (base 6) in base 14?
-294d6
4231025 (base 6) to base 8
622731
What is -40340530 (base 6) in base 11?
-71493a
13b852 (base 12) to base 4
1100313332
What is e143e (base 15) in base 4?
2232011330
What is -4a935 (base 15) in base 9?
-402825
Convert -1ca08 (base 13) to base 4.
-31310233
What is 237c2d (base 16) in base 11?
1349246
1334 (base 13) to base 14
1003
Convert -266375 (base 13) to base 12.
-388a75
-1696c79 (base 13) to base 15
-99ae1b
What is -61e81 (base 15) in base 4?
-1023301330
What is -7944 (base 16) in base 3?
-1120120210
Convert 7481c (base 14) to base 7.
2251435
Convert -23322401 (base 5) to base 4.
-310101111
-6b725e (base 16) to base 4
-122313021132
-10011010010100110001 (base 2) to base 12
-265981
What is 7ce70 (base 16) in base 15?
a18ba
What is -103133033312 (base 4) in base 15?
-6ada6b
4304263 (base 7) to base 12
212484
Convert 3610120 (base 7) to base 4.
1233120331
1004058 (base 9) to base 10
534410
-2382874 (base 9) to base 11
-8047a1
What is -299775 (base 11) in base 13?
-134601
Convert 42511120 (base 7) to base 8.
15627070
What is -1d065b (base 14) in base 3?
-1221202112120
-1b23a (base 16) to base 12
-543b6
-111320331223 (base 4) to base 14
-a9533d
Convert 100101111 (base 4) to base 12.
32699
What is 236a9b9 (base 12) in base 7?
112215441
What is 21000201220 (base 4) in base 15?
319a4d
Convert 21dd8 (base 14) to base 16.
1418a
Convert -10100000001010010110001 (base 2) to base 6.
-304253041
-51256 (base 15) to base 4
-332300013
100010111000001100001110 (base 2) to base 12
308b152
Convert -10101000111101101 (base 2) to base 9.
-141601
What is 2682 (base 13) in base 12?
3236
Convert 4920483 (base 12) to base 3.
222202201211000
2493a (base 16) to base 15
2e5cd
Convert -240021 (base 8) to base 6.
-1431201
What is -291530 (base 16) in base 10?
-2692400
1745602 (base 8) to base 10
510850
What is 19a67 (base 1